ommon factor of q and 22?
2
Let x be (-8)/(-44) - (-8)/(-44). Suppose -2*o + x = -16. Calculate the greatest common factor of 40 and o.
8
Let q(d) = -2*d - d**2 + 1 + 6*d**2 + 5*d. Let l be q(-4). Calculate the highest common divisor of 46 and l.
23
Let g(j) = -5 + 4*j**2 - 4*j**2 + j**2 + 6 - 2*j. Let z be g(5). Calculate the highest common factor of z and 80.
16
Suppose 0 = -3*g + 99 + 261. Let q(m) = -m**2 + 14*m + 3. Let y be q(9). Calculate the greatest common factor of g and y.
24
Let p(y) = -y**3 + 13*y**2 + 7*y + 9. Let z be p(8). Calculate the greatest common factor of 35 and z.
35
Let l = 36 - 30. Calculate the greatest common divisor of l and 2.
2
Let y be (-588)/60*(-5)/1. Let o = -3 - -10. What is the greatest common divisor of o and y?
7
Let j be (-155)/(-25) + 2/(-10). What is the highest common divisor of j and 6?
6
Suppose 2*y = -2*m + 202, -3*y = -5*m + m - 338. Suppose -14 - y = -2*i. Calculate the highest common factor of 12 and i.
12
Let y(b) be the first derivative of 2*b**2 - 4*b + 1. Let i be y(3). Let w = -154 - -170. What is the greatest common factor of i and w?
8
Suppose 4*n = 3*f - 86, 2*n - 3*f + 29 + 17 = 0. Let j be (-435)/n + 2/8. Let x be (33*1*1)/1. Calculate the highest common factor of j and x.
11
Let z = -6 - -21. Calculate the greatest common divisor of z and 105.
15
Suppose -3*q - 3 + 15 = 0, 0 = 2*f - 3*q - 2. What is the greatest common factor of f and 7?
7
Suppose -4*j + 5*j = 3*v + 21, -67 = -4*j - 5*v. What is the highest common divisor of 6 and j?
6
Let t be ((-4)/14)/(5/(-35)). Suppose 0*b + 4*b = -t*l + 6, 5*l - 3*b - 41 = 0. Calculate the greatest common divisor of l and 7.
7
Suppose 5*v - 42 = 33. Let q be ((-4)/6)/(4/6). Let d = 16 + q. What is the greatest common factor of d and v?
15
Let k = 24 - 21. What is the highest common divisor of k and 3?
3
Let y(u) = u - 23. Let b be y(31). What is the greatest common divisor of b and 4?
4
Suppose 0 = 2*u - u - 125. Let y be ((-144)/(-80) + -3)/(6/(-250)). Calculate the highest common divisor of u and y.
25
Suppose 4*j + 110 = 3*t, -4*j + 30 = t - 2*j. Calculate the highest common divisor of 51 and t.
17
Let k = 37 - 25. Calculate the highest common factor of k and 8.
4
Suppose -4*q + 102 = -118. Calculate the greatest common factor of 5 and q.
5
Let t be ((-1)/4 - 87/12)*-6. What is the highest common factor of t and 15?
15
Suppose -s = 5*b - 3*b + 6, 2*b + 4 = -2*s. Let u(q) = 7*q. Let m be u(s). Calculate the greatest common divisor of 14 and m.
14
Let i(k) = k**2 - k. Let p be i(-2). Suppose 5*q = p - 1. Let c = 13 + -2. Calculate the greatest common factor of q and c.
1
Let r = 58 - 35. Calculate the greatest common factor of r and 161.
23
Suppose 2*j = -3*k - 2*j - 25, 5*j = 3*k + 16. Let g = -2 - k. Suppose 2*h - 15 = h + 5*o, 13 = h - 4*o. What is the highest common divisor of h and g?
5
Let y = 21 + -3. Calculate the highest common divisor of 54 and y.
18
Suppose -2*z - 3 = -3*z. Suppose -3*a + z*i = -429, -a + 128 = -0*a + 4*i. What is the greatest common factor of 28 and a?
28
Let m(k) be the first derivative of 3*k**2/2 - 3*k + 3. Let d be m(8). Suppose d + 75 = 3*s. What is the highest common factor of s and 8?
8
Let q(v) = -51*v + 2. Let y be q(-6). Suppose z = 5*z - y. Let l = -116 - -127. Calculate the greatest common divisor of l and z.
11
Suppose 5*w = 2*p + 134, p - 62 = -2*w - p. Suppose l - 5 = 0, 3*l - 6*l - 45 = -3*u. Let i be 34/10 + 12/u. Calculate the greatest common factor of w and i.
4
Let p(c) = -26*c - 3. Let k be p(-3). Suppose -3*h + h = -10. Let t(m) = -m**3 + 5*m**2 + 6*m. Let o be t(h). Calculate the greatest common factor of o and k.
15
Suppose -2*r - 600 = -8*r. Calculate the highest common divisor of r and 20.
20
Suppose 0 = 4*t - 3*t + 6. Let a be 345/20*(-16)/t. Suppose 2*s + 3*b = 31, a = 3*s - 0*s + 4*b. What is the greatest common divisor of s and 21?
7
Let d(z) = z**2 + z + 5. Let l be d(0). Suppose l*b = 4*b + 14. Suppose -5*m + 619 = -81. What is the highest common divisor of m and b?
14
Let y = 10 + -7. Let l(j) be the first derivative of 14*j**3/3 + j - 2. Let h be l(1). What is the highest common factor of y and h?
3
Let b = -3 + 8. Suppose -3*u = -b*g + 21, 2*g = -4*u + u + 21. What is the highest common factor of 6 and g?
6
Let l be (-2)/(-7) + (-80)/(-14). Let a be (l/(-2))/1 + 0. Let r be a*2/3 + 42. Calculate the greatest common divisor of 5 and r.
5
Suppose 4*w + 30 = 7*w. Suppose -s + 22 = 2*t, -2*s - 60 = -6*t + 2*t. Let h be t - (-3)/(-6)*6. What is the greatest common factor of h and w?
10
Let m = 40 + -16. Let y be (-400)/m*24/(-10). What is the greatest common factor of y and 4?
4
Let v(x) = 6 - 4*x - 5 + 4 + x**2. Suppose -2*s + 5*q - 33 = -5*s, -4*s - q + 27 = 0. Let h be v(s). Calculate the highest common factor of h and 85.
17
Let w = -7 + 4. Let t = w - -4. Let g be 0 + 12*t - 1. What is the greatest common divisor of 99 and g?
11
Let u(b) = b**3 + 6*b**2 + b + 2. Let c be u(-5). Calculate the highest common divisor of c and 55.
11
Let z = -8 + 13. Suppose -115 = -5*a - z. Calculate the highest common factor of 11 and a.
11
Let o = 2 - 7. Let q = o - -21. Let m = q + -8. What is the greatest common factor of 16 and m?
8
Let r be (-4)/(-12) + 2/3. Let c be (r - (-84 - 1)) + 2. What is the highest common divisor of 22 and c?
22
Let h(r) = r**3 + r**2 - r + 9. Let w be h(0). Suppose 0 = -4*f + w + 3. Suppose 0 = -f*g + 39 - 9. What is the greatest common factor of 50 and g?
10
Suppose 3 = v - 48. Let r = 9 - -25. Calculate the highest common factor of v and r.
17
Let f be 23 - (1 - (7 + -4)). What is the greatest common divisor of 125 and f?
25
Let s = 4 - -8. Let k(l) = -5*l - 1. Let q be k(-2). Suppose -5*x + q = -51. Calculate the greatest common divisor of x and s.
12
Suppose -v = k - 4 - 19, -29 = -3*k + 5*v. Calculate the highest common factor of 27 and k.
9
Suppose 5*b - 21 = -1. Let h = b + -1. Let r = h - -3. What is the highest common factor of r and 4?
2
Suppose 52 = 4*x - 716. Calculate the greatest common factor of x and 12.
12
Suppose -16*s - 934 = -4198. What is the highest common factor of s and 17?
17
Suppose 4*z = -z + 20. Let y be (z/3)/(2/9). Let n(i) = i**2 - i - 38. Let u be n(7). What is the highest common factor of u and y?
2
Let c be (-616)/33*(-6)/4. Calculate the greatest common factor of 364 and c.
28
Let m be 4 - -1*(1 + -3). Suppose -5*i - m = -6*i. Suppose 0 = 2*d + 5*t - 10, -4*t + 12 = 2*d - i. What is the highest common divisor of 10 and d?
5
Let w = -632 - -1620. Suppose 0 = 3*z - 0*s + s - 595, -5*z + 2*s = -w. Suppose -12*v + 13*v = 18. Calculate the highest common factor of v and z.
18
Let i = 6 + 21. Suppose 0 = 4*g - i - 57. Suppose -5*p = -4*s + 77 - 26, 2*s = -5*p + 33. Calculate the highest common divisor of g and s.
7
Suppose -n = 4 - 6. Suppose 9 = -n*i - 4*v + 49, -2*v = 2*i - 44. Let u be (8/5)/(-4)*-60. Calculate the highest common factor of i and u.
24
Suppose -3*a = -2*a - 5. Suppose 0 = -10*f + a*f + 65. Calculate the highest common divisor of f and 13.
13
Let t = 20 + -20. Suppose 4*a - 18 = -u - a, -5*u - 3*a + 156 = t. Calculate the greatest common divisor of u and 11.
11
Let x be ((-8)/(-2))/((-12)/(-54)). Let c = -9 - -27. Calculate the greatest common factor of c and x.
18
Let q be (0 - 3)*(-6)/9. Calculate the highest common factor of 18 and q.
2
Let k = 57 - 23. What is the greatest common factor of k and 51?
17
Suppose -44 - 32 = -4*z. Calculate the greatest common factor of 152 and z.
19
Let m = -17 - -34. Let f(d) = -d**3 - 8*d**2 - 5*d + 10. Let r be f(-9). What is the highest common factor of r and m?
17
Let m be -2*(-7)/((-7)/(-2)). Calculate the greatest common factor of 16 and m.
4
Let b = 178 + -113. Suppose -t - 6 = c - 5, -2*t - c = 7. Let m be 78/(-2)*2/t. Calculate the highest common divisor of m and b.
13
Suppose -22*r + 36 = -18*r. Let i be ((-2)/(-4))/((-1)/(-2)). Calculate the highest common divisor of i and r.
1
Let z = 168 + -88. Let s be (-6)/((30/(-9))/5). Let b = 19 - s. Calculate the greatest common divisor of b and z.
10
Let l = 19 + 69. Calculate the greatest common divisor of 8 and l.
8
Let p be 6/(-8) + -94*(-1)/8. Calculate the greatest common factor of p and 88.
11
Let j(z) = -4*z - 22. Let w be 